{"id":366,"date":"2025-06-08T18:06:04","date_gmt":"2025-06-08T18:06:04","guid":{"rendered":"https:\/\/jubilerpryzmat.pl\/?post_type=product&#038;p=366"},"modified":"2025-06-12T07:31:52","modified_gmt":"2025-06-12T07:31:52","slug":"zawieszka-zlota-graziella","status":"publish","type":"product","link":"https:\/\/jubilerpryzmat.pl\/index.php\/produkt\/zawieszka-zlota-graziella\/","title":{"rendered":"Zawieszka Z\u0142ota Graziella"},"content":{"rendered":"<p data-start=\"71\" data-end=\"131\"><strong data-start=\"71\" data-end=\"131\">Z\u0142ota zawieszka Graziella \u2013 r\u0119cznie wykonana we W\u0142oszech<\/strong><\/p>\n<p data-start=\"133\" data-end=\"580\">Wyj\u0105tkowa zawieszka marki <strong data-start=\"159\" data-end=\"172\">Graziella<\/strong>, zaprojektowana i wykonana we W\u0142oszech \u2013 kraju s\u0142yn\u0105cym z mistrzowskiej sztuki jubilerskiej. Jej elegancka forma, po\u0142\u0105czenie po\u0142yskuj\u0105cego z\u0142ota i delikatnych, ozdobnych grawer\u00f3w nadaje bi\u017cuterii luksusowego i artystycznego charakteru. To nie tylko ozdoba, ale ma\u0142e dzie\u0142o sztuki, kt\u00f3re doskonale podkre\u015bli szyk ka\u017cdej stylizacji. Idealna na prezent lub jako unikatowy dodatek do w\u0142asnej kolekcji bi\u017cuterii.<\/p>\n<p>Stan: <b>Nowy<\/b><\/p>\n","protected":false},"excerpt":{"rendered":"<p>Zjawiskowa zawieszka marki Graziella wykonana zosta\u0142a we W\u0142oszech z wysokiej jako\u015bci z\u0142ota. Oryginalny, misternie zdobiony wz\u00f3r przyci\u0105ga wzrok i podkre\u015bla kunszt jubilerski. To po\u0142\u0105czenie klasy, elegancji i w\u0142oskiej pasji do detalu. Idealna dla kobiet ceni\u0105cych wyrafinowan\u0105 i niepowtarzaln\u0105 bi\u017cuteri\u0119.<\/p>\n","protected":false},"featured_media":368,"comment_status":"open","ping_status":"closed","template":"","meta":[],"product_brand":[],"product_cat":[22],"product_tag":[],"class_list":{"0":"post-366","1":"product","2":"type-product","3":"status-publish","4":"has-post-thumbnail","6":"product_cat-naszyjniki","8":"first","9":"instock","10":"taxable","11":"shipping-taxable","12":"purchasable","13":"product-type-simple"},"yoast_head":"<!-- This site is optimized with the Yoast SEO plugin v25.1 - https:\/\/yoast.com\/wordpress\/plugins\/seo\/ -->\n<title>Zawieszka Z\u0142ota Graziella - Jubiler Pryzmat<\/title>\n<meta name=\"robots\" content=\"index, follow, max-snippet:-1, max-image-preview:large, max-video-preview:-1\" \/>\n<link rel=\"canonical\" href=\"https:\/\/jubilerpryzmat.pl\/index.php\/produkt\/zawieszka-zlota-graziella\/\" \/>\n<meta property=\"og:locale\" content=\"pl_PL\" \/>\n<meta property=\"og:type\" content=\"article\" \/>\n<meta property=\"og:title\" content=\"Zawieszka Z\u0142ota Graziella - Jubiler Pryzmat\" \/>\n<meta property=\"og:description\" content=\"Zjawiskowa zawieszka marki Graziella wykonana zosta\u0142a we W\u0142oszech z wysokiej jako\u015bci z\u0142ota. Oryginalny, misternie zdobiony wz\u00f3r przyci\u0105ga wzrok i podkre\u015bla kunszt jubilerski. To po\u0142\u0105czenie klasy, elegancji i w\u0142oskiej pasji do detalu. Idealna dla kobiet ceni\u0105cych wyrafinowan\u0105 i niepowtarzaln\u0105 bi\u017cuteri\u0119.\" \/>\n<meta property=\"og:url\" content=\"https:\/\/jubilerpryzmat.pl\/index.php\/produkt\/zawieszka-zlota-graziella\/\" \/>\n<meta property=\"og:site_name\" content=\"Jubiler Pryzmat\" \/>\n<meta property=\"article:modified_time\" content=\"2025-06-12T07:31:52+00:00\" \/>\n<meta property=\"og:image\" content=\"https:\/\/jubilerpryzmat.pl\/wp-content\/uploads\/2025\/06\/IMG_3649-scaled.jpeg\" \/>\n\t<meta property=\"og:image:width\" content=\"1920\" \/>\n\t<meta property=\"og:image:height\" content=\"2560\" \/>\n\t<meta property=\"og:image:type\" content=\"image\/jpeg\" \/>\n<meta name=\"twitter:card\" content=\"summary_large_image\" \/>\n<meta name=\"twitter:label1\" content=\"Szacowany czas czytania\" \/>\n\t<meta name=\"twitter:data1\" content=\"1 minuta\" \/>\n<script type=\"application\/ld+json\" class=\"yoast-schema-graph\">{\"@context\":\"https:\/\/schema.org\",\"@graph\":[{\"@type\":\"WebPage\",\"@id\":\"https:\/\/jubilerpryzmat.pl\/index.php\/produkt\/zawieszka-zlota-graziella\/\",\"url\":\"https:\/\/jubilerpryzmat.pl\/index.php\/produkt\/zawieszka-zlota-graziella\/\",\"name\":\"Zawieszka Z\u0142ota Graziella - Jubiler Pryzmat\",\"isPartOf\":{\"@id\":\"https:\/\/jubilerpryzmat.pl\/#website\"},\"primaryImageOfPage\":{\"@id\":\"https:\/\/jubilerpryzmat.pl\/index.php\/produkt\/zawieszka-zlota-graziella\/#primaryimage\"},\"image\":{\"@id\":\"https:\/\/jubilerpryzmat.pl\/index.php\/produkt\/zawieszka-zlota-graziella\/#primaryimage\"},\"thumbnailUrl\":\"https:\/\/jubilerpryzmat.pl\/wp-content\/uploads\/2025\/06\/IMG_3649-scaled.jpeg\",\"datePublished\":\"2025-06-08T18:06:04+00:00\",\"dateModified\":\"2025-06-12T07:31:52+00:00\",\"breadcrumb\":{\"@id\":\"https:\/\/jubilerpryzmat.pl\/index.php\/produkt\/zawieszka-zlota-graziella\/#breadcrumb\"},\"inLanguage\":\"pl-PL\",\"potentialAction\":[{\"@type\":\"ReadAction\",\"target\":[\"https:\/\/jubilerpryzmat.pl\/index.php\/produkt\/zawieszka-zlota-graziella\/\"]}]},{\"@type\":\"ImageObject\",\"inLanguage\":\"pl-PL\",\"@id\":\"https:\/\/jubilerpryzmat.pl\/index.php\/produkt\/zawieszka-zlota-graziella\/#primaryimage\",\"url\":\"https:\/\/jubilerpryzmat.pl\/wp-content\/uploads\/2025\/06\/IMG_3649-scaled.jpeg\",\"contentUrl\":\"https:\/\/jubilerpryzmat.pl\/wp-content\/uploads\/2025\/06\/IMG_3649-scaled.jpeg\",\"width\":1920,\"height\":2560},{\"@type\":\"BreadcrumbList\",\"@id\":\"https:\/\/jubilerpryzmat.pl\/index.php\/produkt\/zawieszka-zlota-graziella\/#breadcrumb\",\"itemListElement\":[{\"@type\":\"ListItem\",\"position\":1,\"name\":\"Strona g\u0142\u00f3wna\",\"item\":\"https:\/\/jubilerpryzmat.pl\/\"},{\"@type\":\"ListItem\",\"position\":2,\"name\":\"Sklep\",\"item\":\"https:\/\/jubilerpryzmat.pl\/index.php\/sklep\/\"},{\"@type\":\"ListItem\",\"position\":3,\"name\":\"Zawieszka Z\u0142ota Graziella\"}]},{\"@type\":\"WebSite\",\"@id\":\"https:\/\/jubilerpryzmat.pl\/#website\",\"url\":\"https:\/\/jubilerpryzmat.pl\/\",\"name\":\"jubilerpryzmat.pl\",\"description\":\"Pier\u015bcionki, Naszyjniki, Zegarki Jubiler Pryzmat\",\"publisher\":{\"@id\":\"https:\/\/jubilerpryzmat.pl\/#organization\"},\"potentialAction\":[{\"@type\":\"SearchAction\",\"target\":{\"@type\":\"EntryPoint\",\"urlTemplate\":\"https:\/\/jubilerpryzmat.pl\/?s={search_term_string}\"},\"query-input\":{\"@type\":\"PropertyValueSpecification\",\"valueRequired\":true,\"valueName\":\"search_term_string\"}}],\"inLanguage\":\"pl-PL\"},{\"@type\":\"Organization\",\"@id\":\"https:\/\/jubilerpryzmat.pl\/#organization\",\"name\":\"jubilerpryzmat.pl\",\"url\":\"https:\/\/jubilerpryzmat.pl\/\",\"logo\":{\"@type\":\"ImageObject\",\"inLanguage\":\"pl-PL\",\"@id\":\"https:\/\/jubilerpryzmat.pl\/#\/schema\/logo\/image\/\",\"url\":\"https:\/\/jubilerpryzmat.pl\/wp-content\/uploads\/2025\/05\/image0.jpeg\",\"contentUrl\":\"https:\/\/jubilerpryzmat.pl\/wp-content\/uploads\/2025\/05\/image0.jpeg\",\"width\":1241,\"height\":1218,\"caption\":\"jubilerpryzmat.pl\"},\"image\":{\"@id\":\"https:\/\/jubilerpryzmat.pl\/#\/schema\/logo\/image\/\"}}]}<\/script>\n<!-- \/ Yoast SEO plugin. -->","yoast_head_json":{"title":"Zawieszka Z\u0142ota Graziella - Jubiler Pryzmat","robots":{"index":"index","follow":"follow","max-snippet":"max-snippet:-1","max-image-preview":"max-image-preview:large","max-video-preview":"max-video-preview:-1"},"canonical":"https:\/\/jubilerpryzmat.pl\/index.php\/produkt\/zawieszka-zlota-graziella\/","og_locale":"pl_PL","og_type":"article","og_title":"Zawieszka Z\u0142ota Graziella - Jubiler Pryzmat","og_description":"Zjawiskowa zawieszka marki Graziella wykonana zosta\u0142a we W\u0142oszech z wysokiej jako\u015bci z\u0142ota. Oryginalny, misternie zdobiony wz\u00f3r przyci\u0105ga wzrok i podkre\u015bla kunszt jubilerski. To po\u0142\u0105czenie klasy, elegancji i w\u0142oskiej pasji do detalu. Idealna dla kobiet ceni\u0105cych wyrafinowan\u0105 i niepowtarzaln\u0105 bi\u017cuteri\u0119.","og_url":"https:\/\/jubilerpryzmat.pl\/index.php\/produkt\/zawieszka-zlota-graziella\/","og_site_name":"Jubiler Pryzmat","article_modified_time":"2025-06-12T07:31:52+00:00","og_image":[{"width":1920,"height":2560,"url":"https:\/\/jubilerpryzmat.pl\/wp-content\/uploads\/2025\/06\/IMG_3649-scaled.jpeg","type":"image\/jpeg"}],"twitter_card":"summary_large_image","twitter_misc":{"Szacowany czas czytania":"1 minuta"},"schema":{"@context":"https:\/\/schema.org","@graph":[{"@type":"WebPage","@id":"https:\/\/jubilerpryzmat.pl\/index.php\/produkt\/zawieszka-zlota-graziella\/","url":"https:\/\/jubilerpryzmat.pl\/index.php\/produkt\/zawieszka-zlota-graziella\/","name":"Zawieszka Z\u0142ota Graziella - Jubiler Pryzmat","isPartOf":{"@id":"https:\/\/jubilerpryzmat.pl\/#website"},"primaryImageOfPage":{"@id":"https:\/\/jubilerpryzmat.pl\/index.php\/produkt\/zawieszka-zlota-graziella\/#primaryimage"},"image":{"@id":"https:\/\/jubilerpryzmat.pl\/index.php\/produkt\/zawieszka-zlota-graziella\/#primaryimage"},"thumbnailUrl":"https:\/\/jubilerpryzmat.pl\/wp-content\/uploads\/2025\/06\/IMG_3649-scaled.jpeg","datePublished":"2025-06-08T18:06:04+00:00","dateModified":"2025-06-12T07:31:52+00:00","breadcrumb":{"@id":"https:\/\/jubilerpryzmat.pl\/index.php\/produkt\/zawieszka-zlota-graziella\/#breadcrumb"},"inLanguage":"pl-PL","potentialAction":[{"@type":"ReadAction","target":["https:\/\/jubilerpryzmat.pl\/index.php\/produkt\/zawieszka-zlota-graziella\/"]}]},{"@type":"ImageObject","inLanguage":"pl-PL","@id":"https:\/\/jubilerpryzmat.pl\/index.php\/produkt\/zawieszka-zlota-graziella\/#primaryimage","url":"https:\/\/jubilerpryzmat.pl\/wp-content\/uploads\/2025\/06\/IMG_3649-scaled.jpeg","contentUrl":"https:\/\/jubilerpryzmat.pl\/wp-content\/uploads\/2025\/06\/IMG_3649-scaled.jpeg","width":1920,"height":2560},{"@type":"BreadcrumbList","@id":"https:\/\/jubilerpryzmat.pl\/index.php\/produkt\/zawieszka-zlota-graziella\/#breadcrumb","itemListElement":[{"@type":"ListItem","position":1,"name":"Strona g\u0142\u00f3wna","item":"https:\/\/jubilerpryzmat.pl\/"},{"@type":"ListItem","position":2,"name":"Sklep","item":"https:\/\/jubilerpryzmat.pl\/index.php\/sklep\/"},{"@type":"ListItem","position":3,"name":"Zawieszka Z\u0142ota Graziella"}]},{"@type":"WebSite","@id":"https:\/\/jubilerpryzmat.pl\/#website","url":"https:\/\/jubilerpryzmat.pl\/","name":"jubilerpryzmat.pl","description":"Pier\u015bcionki, Naszyjniki, Zegarki Jubiler Pryzmat","publisher":{"@id":"https:\/\/jubilerpryzmat.pl\/#organization"},"potentialAction":[{"@type":"SearchAction","target":{"@type":"EntryPoint","urlTemplate":"https:\/\/jubilerpryzmat.pl\/?s={search_term_string}"},"query-input":{"@type":"PropertyValueSpecification","valueRequired":true,"valueName":"search_term_string"}}],"inLanguage":"pl-PL"},{"@type":"Organization","@id":"https:\/\/jubilerpryzmat.pl\/#organization","name":"jubilerpryzmat.pl","url":"https:\/\/jubilerpryzmat.pl\/","logo":{"@type":"ImageObject","inLanguage":"pl-PL","@id":"https:\/\/jubilerpryzmat.pl\/#\/schema\/logo\/image\/","url":"https:\/\/jubilerpryzmat.pl\/wp-content\/uploads\/2025\/05\/image0.jpeg","contentUrl":"https:\/\/jubilerpryzmat.pl\/wp-content\/uploads\/2025\/05\/image0.jpeg","width":1241,"height":1218,"caption":"jubilerpryzmat.pl"},"image":{"@id":"https:\/\/jubilerpryzmat.pl\/#\/schema\/logo\/image\/"}}]}},"jetpack_sharing_enabled":true,"post_mailing_queue_ids":[],"_links":{"self":[{"href":"https:\/\/jubilerpryzmat.pl\/index.php\/wp-json\/wp\/v2\/product\/366","targetHints":{"allow":["GET"]}}],"collection":[{"href":"https:\/\/jubilerpryzmat.pl\/index.php\/wp-json\/wp\/v2\/product"}],"about":[{"href":"https:\/\/jubilerpryzmat.pl\/index.php\/wp-json\/wp\/v2\/types\/product"}],"replies":[{"embeddable":true,"href":"https:\/\/jubilerpryzmat.pl\/index.php\/wp-json\/wp\/v2\/comments?post=366"}],"wp:featuredmedia":[{"embeddable":true,"href":"https:\/\/jubilerpryzmat.pl\/index.php\/wp-json\/wp\/v2\/media\/368"}],"wp:attachment":[{"href":"https:\/\/jubilerpryzmat.pl\/index.php\/wp-json\/wp\/v2\/media?parent=366"}],"wp:term":[{"taxonomy":"product_brand","embeddable":true,"href":"https:\/\/jubilerpryzmat.pl\/index.php\/wp-json\/wp\/v2\/product_brand?post=366"},{"taxonomy":"product_cat","embeddable":true,"href":"https:\/\/jubilerpryzmat.pl\/index.php\/wp-json\/wp\/v2\/product_cat?post=366"},{"taxonomy":"product_tag","embeddable":true,"href":"https:\/\/jubilerpryzmat.pl\/index.php\/wp-json\/wp\/v2\/product_tag?post=366"}],"curies":[{"name":"wp","href":"https:\/\/api.w.org\/{rel}","templated":true}]}}